 a composite number?
False
Let o(v) be the third derivative of -v**6/120 - 3*v**5/20 + 7*v**4/24 - 11*v**3/6 + 2*v**2. Is o(-10) a prime number?
True
Let i be 3 + -76*(-1 + 0). Let o = -56 + i. Is o a prime number?
True
Suppose 2*k + d - 1 = -2, -5*d + 2 = 3*k. Let j(o) = -o**2 + 1. Let b be j(k). Suppose -3 - 17 = 4*v, b = -2*r + 4*v + 94. Is r a prime number?
True
Let h = -495 + 850. Is h a composite number?
True
Let s(k) = -9*k + 2*k**3 + 0 - 2 - k**3 + k**2. Let v be s(8). Let g = -311 + v. Is g composite?
False
Is (14/(-1))/(4/(-26)) a composite number?
True
Suppose u + 0*d - 3*d = 13, 0 = -5*u - d + 33. Let j(n) = -1 - u*n**2 + 7*n**2 + 9*n**2 + 9*n**2. Is j(3) prime?
False
Let z(c) = 7*c - 2*c**2 - 6 + 5 + 11 + 4*c**2. Is z(-7) composite?
False
Let j(t) = -134*t + 17. Is j(-4) prime?
False
Let l = -59 + 732. Is l a prime number?
True
Let m = 5 - 4. Let n be (3 + -2)/m - 7. Let t(b) = -7*b + 5. Is t(n) a prime number?
True
Let g(f) = 0*f**3 - 8*f**2 + f**3 - 2*f**3 - 5*f + 0 + 1. Is g(-10) composite?
False
Let v be 1154/6 + (-2)/6. Suppose 4*g + v - 36 = 0. Let c = g - -106. Is c a prime number?
True
Let b(s) = -s**3 - 9*s**2 + 18*s + 7. Is b(-15) a prime number?
True
Let y be -3*(2 + -2 - 1). Suppose p = -0*p - 4*o + 79, -y*o = p - 74. Is p prime?
True
Suppose -30 = 2*y - 7*y. Suppose -5 = -3*p + 2*n + 5, -3*n - y = 0. Suppose p*f = -h + 77, 0 = -5*h + 2*f - f + 396. Is h a prime number?
True
Let c(b) = b**2 + 10. Suppose 12 = -v + 2*l, l + 49 = -2*v - 3*v. Let r = v - -17. Is c(r) a composite number?
False
Let r be ((-1)/(-2))/(3/30). Suppose 741 + 1124 = r*p. Is p a composite number?
False
Let x(l) = 6*l**2 + 9*l + 4. Is x(-6) prime?
False
Let l be (1 + 2)*12/9. Is (131/l)/((-1)/(-4)) a prime number?
True
Suppose -5*t + 2790 = -5*v, 2*t + 2*v = -v + 1131. Suppose 3*z - t = -0*z. Is z a composite number?
True
Let f(h) = -560*h**3 + 2*h**2 + 7*h - 3. Is f(-2) composite?
True
Let y(b) = 2*b - 2 - 8*b + 5*b. Let u be y(-6). Suppose j - u*p - 76 + 15 = 0, -3*j + p = -161. Is j prime?
True
Let w = -63 - -145. Is w composite?
True
Let x = 4 - 0. Suppose x*m - 40 = 20. Is (-6)/m + 72/5 a composite number?
True
Suppose -5*x - 6 - 4 = 0. Let g be (436/(-2))/(x/3). Suppose 4*l - 157 = g. Is l a composite number?
True
Let x(p) = -p**2 + p + 109. Suppose 3*v = 2*v. Is x(v) a composite number?
False
Suppose 0 = 2*t + 3 + 3. Let h = 5 + t. Suppose 3*i - 4*r = 197, h*i - 6*r + 2*r - 130 = 0. Is i composite?
False
Let k(s) = s**3 - 5*s**2 - 9*s + 2. Let x(v) = -v**3 - 6*v**2 - 5*v + 7. Let a be x(-5). Is k(a) a composite number?
False
Let q be 496/(-6) + 3/(-9). Let i = q - -180. Is i a prime number?
True
Suppose 0 = -2*w - 3*r + 144 + 251, -4*w + 3*r = -799. Is w a prime number?
True
Suppose -163 = -4*b + 3313. Is b composite?
True
Let a = -1986 - -3963. Is a composite?
True
Let t(g) = 2*g**3 - 5*g**2 + 5*g - 4. Let w be t(3). Let k be 14/49 + (-346)/(-14). Is w/k*(-35)/(-2) a prime number?
False
Let q = 642 - 157. Is q composite?
True
Let z = -3 - -3. Let o be z - (-1 - (1 + -2)). Suppose o*x = x - 10. Is x a composite number?
True
Let k(o) = 1036*o + 7. Is k(1) prime?
False
Suppose 0 = 4*d - 7*d - 9. Is (79/(-3))/(1/d) a composite number?
False
Suppose 0 = 5*o + 3*y - 4*y - 442, 2*o = -5*y + 193. Is o composite?
False
Is 119 + (-4)/(-8)*-2 a composite number?
True
Let o(g) = -g**3 + 6*g**2 - 3*g - 7. Let x be o(5). Suppose -2 = -x*y + 4, -14 = -5*h - 2*y. Is (-1)/(2/(-212)*h) a composite number?
False
Let b = 8 - 11. Is b/(-4) - 242/(-8) prime?
True
Is 1/4 - 3052/(-16) a composite number?
False
Let k = -445 + 644. Suppose 3*z - 182 = k. Is z prime?
True
Let b(l) = 301*l + 11. Is b(3) prime?
False
Let d(j) = j**2 - 9*j - 1. Let a(x) = -x**2 + 10*x + 2. Let q(r) = 2*a(r) + 3*d(r). Is q(9) composite?
False
Suppose 5*s = -3*h + 2247, 0*h = 5*s - h - 2251. Suppose g + 21 = -s. Is g/(-9) - 4/(-6) prime?
True
Let o(v) = v**3 - 5*v**2 + 7*v - 5. Let p be o(5). Suppose 0 = -2*g + p + 8. Is g a prime number?
True
Let o(c) = 60*c**3 - 7*c**2 - 6*c - 4. Is o(3) a prime number?
False
Let m(l) = -141*l + 6. Let r be m(-7). Suppose -2*g - 4*u = -886, 0 = -3*g + u + 343 + r. Is g composite?
True
Let w = 10 + 92. Let l be (-24)/(-10) - (-4)/(-10). Suppose w = l*z + 2*k - 0*k, 112 = 2*z - 3*k. Is z a prime number?
True
Suppose 2*f = 0, 1182 = 2*c - f - 4256. Is c a composite number?
False
Let n = -10 + 13. Suppose -2*p = -q - 374, 2*q + 193 = n*p - 2*p. Is p a prime number?
False
Let k = 16 - 39. Suppose -f = 35 - 2. Let z = k - f. Is z a prime number?
False
Let a = 6 + -3. Suppose 0 = -a*w + 5*n + 56, 0*n = -4*w + n + 52. Let m = -5 + w. Is m composite?
False
Let q be (3 - 1)/1 - 7. Let x(y) be the first derivative of -y**4/4 - 2*y**3/3 + y**2/2 - 3*y + 5. Is x(q) a composite number?
False
Suppose -4*m = -2*m - 3*j - 3380, 2*m = 5*j + 3376. Is m a prime number?
True
Let u be (1/1)/((-2)/(-4)). Suppose 0 = -u*x + 3*x - 5*f - 328, -3*f - 1530 = -5*x. Is x composite?
True
Let y(v) = 16*v + 7. Suppose 3*c - 5*s - 1 = 7, -4*s = -2*c + 4. Is y(c) a prime number?
True
Let f(h) be the third derivative of -7*h**4/12 + 5*h**3/2 - 6*h**2. Is f(-5) prime?
False
Suppose 0 = 4*s - 3*s - 683. Is s a composite number?
False
Let h(g) = -g**3 - 8*g**2 - 11*g - 4. Suppose -3*t - 27 = -6. Let u be h(t). Let j = 47 - u. Is j prime?
True
Let i(k) = k**2 - k + 1. Let q(x) = 2*x**3 - 8*x**2 + 3*x - 7. Let n(b) = 5*i(b) + q(b). Is n(3) a prime number?
True
Suppose -3*t + t = 4*z - 18, -5*z - 5 = -3*t. Let r(x) = -1 + 4*x**z + 2 - 2*x + 1 - 4. Is r(2) composite?
True
Let v(i) = 8*i - 7. Let n be v(-5). Let w = n - -98. Is w a prime number?
False
Let x = 20 - -33. Is x a prime number?
True
Let l be ((-4)/2)/(2/(-64)). Suppose -5*x - 3*m + 122 = 0, x + 5*m = -x + l. Is x composite?
True
Let h = -53 + 76. Is h prime?
True
Let i = -275 - -498. Is i prime?
True
Let j(l) = 99*l**2 + l - 3. Is j(-2) prime?
False
Let s(l) = -l**3 + l**2 - 2*l + 4. Let f be s(3). Let y be 6/4*f/(-15). Is y/(-3) + (-557)/(-3) prime?
False
Suppose -8832 = -11*i + 3125. Is i a prime number?
True
Is 1/((2/(-127))/(-2)) a composite number?
False
Let i = -107 + 65. Let j be 4/6*i/(-2). Let m = 21 - j. Is m prime?
True
Let k be (-4)/(-2 + 0) - 9. Let s(t) = t + 9. Let v be s(k). Suppose -v*f - f + 45 = 0. Is f prime?
False
Suppose -298 = 4*v + 378. Let n = -92 - v. Is n composite?
True
Suppose -3*y = -4*b - 373, -y - 256 = -3*y - b. Is y composite?
False
Let n(u) = -56*u - 1. Is n(-4) a composite number?
False
Let y(k) = 31*k**2 - 10*k + 5. Is y(6) prime?
True
Suppose 5*d + 2*k = -5, 2*d + 7*k - 2*k = -23. Suppose -z + d = -3. Is z composite?
True
Suppose 2*s - 432 = 76. Is s a prime number?
False
Let u = 1145 + -779. Let j = -743 + 504. Let r = u + j. Is r a composite number?
False
Let b be (-1 + -43)*18/(-24). Suppose 2*y - b = 77. Is y a prime number?
False
Let s be 8/6*(26 + 7). Let r = 67 - s. Is r a prime number?
True
Suppose -5*n = -n - 748. Is n a prime number?
False
Let w be (-2)/(-4)*12 + -2. Suppose -161 = -5*f - 2*j - j, w*f - 4*j - 116 = 0. Let s = f - -46. Is s composite?
True
Is (-2 - (-10)/6)*-105 a composite number?
True
Suppose 7*t = 3*t + 20. Let p be ((-34)/t)/((-2)/20). Suppose 4*d - 288 = -p. Is d a composite number?
True
Suppose -4*c + 3*c = 2. Is (1 + c)/1*-53 a prime number?
True
Suppose b - 219 = -862. Let d = -228 - b. Is d prime?
False
Suppose -w = -155 - 63. Suppose -2*i = 2*c + c - 327, 2*c = 5*i + w. Is c prime?
True
Let h(j) = -j**3 + 17*j**2 + 44*j - 25. Is h(19) a prime number?
True
Let b = -144 - -481. Is b a prime number?
True
Suppose 4*y - 104 = -3*c + 664, 0 = 3*c. Is (y - (3 + -2)) + 0 a composite number?
False
Let u(h) = 20*h - 5. Let o = -17 + 23. Is u(o) prime?
False
Let b(t) be the first derivative of 4*t**3/3 - 2*t**2 - t - 10. Is b(8) a prime number?
True
Let g(c) = 49*c**2 + 2*c - 2. Is g(3) a prime number?
False
Let c = 235 - 134. Suppose -5*j = -0*j - 4*x - c, 4*j = -4*x + 88. Is j prime?
False
Let d(f) = -3*f**3 - 5*f**2 + f + 1. Let y be d(-4). Let n = y - 63. Suppose 4*j = 5*o - 159, 3*o = 5*j + 52 + n. Is o composite?
False
Let s = 1497 + 2548. Is s a prime number?
False
Suppose d - 6 = 37. Is d a composite number?
False
Is 2228/8*(-4 - -6) a composite number?
False
